Suppose 5*l - 56 - 14 = 0. Let d be y(l). Suppose 0 = 7*f - d - 114. Calculate the greatest common factor of 55 and f.
11
Suppose -2390*q = -2367*q - 1541. What is the greatest common divisor of q and 1?
1
Suppose 0 = -3*l - 17 + 32. Let p(b) = 6*b**2 + 3*b + 4. Let z be p(-2). Let j = z + -7. What is the greatest common factor of l and j?
5
Let c = -7 - -20. Let q(h) = -8*h - 118. Let x(w) = 34*w + 16. Let m be x(-1). Let g be q(m). What is the highest common divisor of g and c?
13
Let r(q) = 2*q**2 - q - 19. Let n be r(0). Let o(c) = -9*c + 37. Let l be o(n). Calculate the highest common divisor of 48 and l.
16
Suppose 19 = 5*w - 2*k, -2*w - 2*k = k. Let f = -42 + 19. Let c = f + 26. Calculate the greatest common divisor of w and c.
3
Let i(c) = -102*c + 57*c + 2*c**2 + 53*c - 30. Let f be i(-9). Calculate the highest common divisor of 540 and f.
60
Suppose -7*t + 285 + 156 = 0. What is the greatest common divisor of 6363 and t?
63
Let j = 74 + -81. Let o(t) = t**3 + 5*t**2 - 9*t + 10. Let k be o(j). Let y = k + 42. Calculate the greatest common factor of 17 and y.
17
Suppose -4*t + 3*j + 517 = 0, 3*j = 3*t + 4*j - 404. Suppose 10*s + t = 413. Calculate the highest common factor of 14 and s.
14
Suppose 15 = 5*r, 522 = 5*i - r - 0*r. Suppose -5*o - 5*d + 2 = -38, 2*o + 5*d = 28. Let n be 2/o - 166/(-4). Calculate the highest common divisor of i and n.
21
Let n = 38 + -22. Suppose n = 8*r - 8. What is the highest common divisor of r and 57?
3
Let b be (20/3)/((-154)/(-231)) + -9. Calculate the greatest common divisor of b and 2503.
1
Let p be 2/(265/(-55) + 5). Calculate the greatest common divisor of 5533 and p.
11
Let f(k) = 682*k**2 - 61*k - 61. Let o be f(-1). Calculate the greatest common divisor of 110 and o.
22
Let y(r) = -3*r**2 - 271*r + 336. Let m be y(-53). Calculate the highest common divisor of 256 and m.
128
Suppose 0 = -3*k - 2*f + 2153 + 2254, 2*k = 3*f + 2938. Calculate the highest common divisor of k and 117.
13
Let p = 19176 - 19071. What is the highest common divisor of p and 2982?
21
Let z(r) = -r**3 - 36*r**2 - 3*r - 101. Let j be z(-36). Suppose 3 = 3*k, 3*k - 156 = -j*s + 4*s. Calculate the greatest common divisor of 153 and s.
51
Let s = -269 - -279. Let n be (-5)/40*-116*s. Let x(b) = -b**3 + 5*b**2 + 2*b + 5. Let i be x(4). What is the highest common factor of n and i?
29
Let u = 39815 - 28075. What is the greatest common factor of u and 40?
20
Let j = 17 - 8. Let u = -32712 - -32757. What is the highest common divisor of u and j?
9
Suppose 315*p - 6423 = -893 + 6755. Suppose 5*i - 1558 = -2*h, 0 = -2*i - h - 0*h + 623. Calculate the greatest common factor of p and i.
39
Let p be (1 + -12 - -12)*44/2. Suppose p*c + 177 = 551. Calculate the highest common factor of c and 323.
17
Let c(g) = -162*g**2 - 5*g - 6. Let h be c(-1). Let i = -115 - h. Calculate the highest common divisor of i and 64.
16
Let x be -5 - -1 - (-25 - (65 - 11)). Let v be (1 + 23)*30/8. Calculate the greatest common factor of v and x.
15
Let g = 214 - 203. Let m(k) = k**2 + 19*k - 40. Let t be m(g). What is the highest common divisor of 58 and t?
58
Suppose -3*u + 106 = 2*o, -6*u - 68 = -8*u - 2*o. Calculate the highest common factor of u and 3154.
38
Let x be (0 + (-1122)/(-18))*(-10 - -16). Calculate the greatest common factor of 238 and x.
34
Suppose 5*z + 4*u - 6*u = -92, 0 = u - 1. Let q(l) = l**2 + 21*l + 79. Let b be q(z). Calculate the highest common divisor of 1 and b.
1
Suppose 4*q - 2*a = -0*q + 10, a = 4*q - 5. Suppose 27*o - 7*o - 960 = q. What is the greatest common divisor of 6 and o?
6
Let v be 206024/5148 - 6/297. Suppose -4*q - 4 = 0, 4*a - 2*q - 16 = 6. Calculate the highest common factor of a and v.
5
Let m(f) = 33*f - 290. Let c be m(37). Calculate the greatest common factor of 49 and c.
49
Let l = 3319 + -3298. What is the highest common divisor of 5376 and l?
21
Suppose -52*w = -125*w + 21024. What is the highest common divisor of 9 and w?
9
Suppose 309*i = 308*i - 2*w + 39, -5*w = 2*i - 77. Let r = -105 + 289. Suppose -o = -r - 21. Calculate the greatest common factor of o and i.
41
Suppose 0 = 8*m - 9 - 7. Suppose 0 = -3*d + 12, m*j - 16 = 3*d + 2. Calculate the greatest common divisor of j and 60.
15
Let p(a) = 368*a - 160. Let y be p(1). Calculate the greatest common factor of 1612 and y.
52
Suppose -2*u + 4 = 0, -691 + 419 = -5*w + 4*u. What is the greatest common factor of w and 224?
56
Let u be (-14045)/(-106) + (-1)/2. Let j be (18/(-33))/3 + 3720/u. What is the greatest common factor of j and 8?
4
Suppose 0 = -8*z - 0*z - 8. Let m be z/(56/20 - 3). Let d be (m/(-2))/((-1)/2). What is the greatest common divisor of 2 and d?
1
Let n(y) = 76*y**2 - 122*y - 1610. Let m be n(-17). What is the highest common factor of 252 and m?
252
Let a(f) = f**3 + 3*f**2 - 8*f - 12. Suppose 128*o + 9 = 125*o. Let k be a(o). What is the greatest common factor of k and 12?
12
Suppose -1356*m + 2122 = 2*d - 1352*m, -d + 4*m + 1073 = 0. Calculate the highest common factor of 25 and d.
5
Suppose z + 1132 + 211 = 2*y, -3*y + 3*z + 2007 = 0. Calculate the highest common factor of 2 and y.
2
Let r = 8 - 4. Let c = 182 + -109. Suppose 3*a = -5*h + c, -3*a + 7*h = 8*h - 53. Calculate the greatest common divisor of r and a.
4
Let o = 12 + -9. Suppose -4*b = 4*k - 1292, 646 = 2*b - 6*k + o*k. What is the greatest common divisor of 17 and b?
17
Let z be -1 - (41 + 1 + -5)*2/(-2). What is the highest common factor of z and 2178?
18
Let d(u) = 10*u**2 + 11*u + 82. Let k be d(-5). Let c = k + 122. Calculate the greatest common divisor of 42 and c.
21
Let r = -9765 + 10092. Calculate the highest common factor of 27 and r.
3
Suppose -330 = -2*q - q. Suppose 5*v - q - 20 = 0. Let o be (-234)/(-3)*(-7)/(-14). Calculate the highest common divisor of o and v.
13
Suppose 6*x - 3003 = 3*w, 285 + 719 = 2*x - 4*w. Calculate the greatest common factor of 4 and x.
4
Let a be 8/12 - (-1 + 33/9). Let z be (9 - 0)/(a/(16/(-12))). Let p be ((-49)/(-21)*z)/((-1)/(-4)). What is the highest common factor of 140 and p?
28
Suppose -7 = -5*j - p, -3*p = -5*j + 13 + 6. Suppose 5*y - j*q = 328, -q + 157 = 2*y + 33. What is the highest common factor of y and 224?
32
Suppose -1870 = -38*q + 15*q - 628. What is the highest common factor of q and 297?
27
Suppose 0 = 2*c - 2*a - 236, 2*a + 0*a = -3*c + 364. Let y = c + -85. Let s = 320 - 40. What is the greatest common factor of s and y?
35
Suppose 26*q = 98*q - 126072. What is the greatest common factor of q and 51?
17
Suppose -6*d = -5*m - d + 175, 0 = 3*m + 3*d - 75. Let v = 198572 + -198522. What is the greatest common factor of m and v?
10
Let g be (-6 + 595/20)/(10/8). What is the highest common factor of 2983 and g?
19
Let l be (-62)/(-16) + 28/224. Suppose -142 = 6*j - 4*j. Let v = -35 - j. What is the greatest common divisor of v and l?
4
Let s be 1/(-3) + (-234)/(-54). Suppose 0 = -s*n + 4*k + 128, -5*n + n - 3*k = -135. What is the greatest common factor of n and 121?
11
Suppose 4*r + 59 = 179. Let g(n) = -316*n**3 + 2*n**2 + 4*n + 1. Let l be g(-1). Calculate the greatest common divisor of l and r.
15
Suppose -i - 68 = -3*b, 0 = 5*b + 2*i - 69 - 59. Let z(g) = -3*g**2 - 330*g - 6339. Let f be z(-85). Calculate the highest common factor of f and b.
12
Let f(w) = -165*w + 11. Let y be f(-2). Suppose -4*n = 45 - y. Let o = n + -35. What is the greatest common factor of 26 and o?
13
Let j be 53/(1484/208)*(-14)/(-4). Calculate the greatest common factor of j and 4394.
26
Let d be ((-180)/27)/(-5)*18/8. Let g be (-1)/3 + d*(-10986)/(-54). What is the highest common factor of g and 10?
10
Suppose -8 = -4*d, -33*x + 38*x - 2*d - 136 = 0. What is the highest common divisor of x and 910?
14
Let n be (-60)/(-2)*(-32)/(-24). Calculate the highest common factor of 45 and n.
5
Let d be (-4)/(-10) + 43808/80. Suppose 168 = -4*b + d. Let l = 114 - b. What is the greatest common factor of l and 76?
19
Let d be (-185)/(-37)*24/10. Let s be -9*((-4)/18)/(d/72). What is the highest common factor of s and 4?
4
Suppose -s - 16 = -29. Let x = 18 + -22. Let u = 17 + x. What is the greatest common factor of s and u?
13
Let j(i) = i**3 + 16*i**2 + 14*i + 13. Suppose -48*l - 14 = -47*l. Let t be j(l). Calculate the greatest common divisor 